
Evaluate 2 - (-7 + 0 - -10).
-1
3 + -4 + -2 + 1
-2
What is 8 - 2 - (-3 - -5)?
4
Evaluate -1 - (0 + (-3 - 4) + 11).
-5
What is the value of -2 + -1 - ((-2 - 2) + 0)?
1
What is the value of (-1 - 3) + (-5 - (-4 + 0))?
-5
Calculate -4 + 5 - (-9 + 4).
6
What is the value of 3 + 1 + (2 - 1)?
5
Calculate 0 + -4 - -2 - -3.
1
Evaluate -13 + -4 + 11 + (-3 - -3).
-6
Calculate 3 + (-2 - (4 - 6)) + -4.
-1
Evaluate 1 + -7 + (0 - -3) + 0.
-3
0 - (-2 + 4 + 0 + 3)
-5
What is 7 - ((-23 - -13) + 7)?
10
Evaluate (0 - 5 - -1) + (5 - -4).
5
What is the value of -5 - (-5 + 3) - 1?
-4
Calculate 3 + -6 + 2 + 3 + -2.
0
What is 0 + (6 + -3 + 4 - 4)?
3
Calculate -7 - (-4 + 0 + 64 + -71).
4
What is -8 - -4 - (1 + 1 - 5)?
-1
-25 + 22 + (-2 - -3) - -6
4
Calculate 10 + (-13 - ((7 - 5) + -8)).
3
Calculate 4 - (2 - (-4 + 1)) - 4.
-5
Evaluate -2 - 1 - (0 - -2).
-5
Calculate 7 + -5 + 4 - 5.
1
Evaluate -1 + (1 - 1) + 3 - 1.
1
What is -13 - (-4 + 2 + -7)?
-4
Evaluate -4 - (0 - (3 + 7 - 7)).
-1
Calculate (-7 - 1) + -22 + (12 - -10).
-8
What is (-1 - -4 - 9) + -20 + 20?
-6
9 + (-5 - -9) + -5
8
What is -8 + 12 - (1 + 6)?
-3
Calculate 3 + 8 + -19 + 4.
-4
What is the value of 5 - -1 - (-14 + 17)?
3
Calculate (-8 - -11) + (-1 - 3).
-1
Evaluate (-5 - (2 - 8) - 3) + 7.
5
What is (14 + -1 - 7) + -6 + 0?
0
(0 - 3) + -1 - 0
-4
Evaluate -2 + -2 + (0 - -1).
-3
Calculate (-5 - 0 - -2) + (4 - 3).
-2
What is the value of 11 + -9 + -8 + 10?
4
Calculate (-15 - -26) + -3 + 2 - 7.
3
Evaluate (15 - 5) + -10 + 6.
6
Evaluate 1 + -1 + (0 - (2 + 4)).
-6
Calculate -6 + (-6 - (-9 - -3)).
-6
Evaluate 6 + -1 + (0 + -4 - -2).
3
Calculate (4 - 3) + 0 + -3.
-2
Evaluate -3 + -3 + -1 + 3 + -1.
-5
1 + -3 + 4 + -3
-1
What is the value of -12 - (6 + -2 - 0 - 9)?
-7
What is the value of -4 - (12 + -9 + -11)?
4
(5 - (-6 + 1)) + (-1 - 6)
3
Evaluate 9 + -17 + (0 - -4).
-4
Calculate (-4 + 0 + 8 - 2) + -6.
-4
What is the value of -3 + 5 - (-15 - -12 - -3)?
2
What is the value of (4 - 2) + (-6 - (6 + -16))?
6
What is 0 + 0 - (-5 + 5)?
0
What is the value of 11 - -2 - 9 - 4?
0
Calculate 1 + 3 - 2 - (8 - 0).
-6
What is (0 - 3) + -3 + 3 + 1?
-2
Evaluate 3 + 1 + 27 + -30.
1
1 + -4 + (4 + 2 - 6)
-3
Evaluate -4 - (-3 - (-5 + 1)).
-5
What is the value of -5 - (-16 + 2) - 13?
-4
Calculate 6 - ((-4 - -3) + 4).
3
-1 + 8 + (16 - 31) + 13
5
What is -3 - (-1 + -2 + (0 - 3))?
3
Calculate (-3 - -8) + (4 - 1 - 4).
4
(-10 + 8 - 2) + 8
4
9 + -1 + 4 + -9
3
What is 0 + (2 - (1 + (-2 - -3)))?
0
Evaluate 3 + -15 + 3 + 5.
-4
What is the value of 7 - (6 - 4) - 5?
0
What is 3 + (4 - (4 + 1) - 0)?
2
Calculate 12 + (-2 - 5 - 12).
-7
What is 0 + -6 + 9 + -12?
-9
6 + 0 - (-2 + 3)
5
What is the value of -7 - -1 - (-3 + 9 + -6)?
-6
Calculate 72 - 76 - (-1 + 1 + -1).
-3
-3 + 1 - (-5 + 3 + 4)
-4
Calculate 5 + -7 - (3 + (-1 - 6)).
2
Evaluate (-3 - (-5 - -5)) + (5 - -5).
7
What is 2 - (4 + -4) - -2?
4
What is the value of -1 - (2 - (-4 - (-3 + 1)))?
-5
1 + 1 + 1 - (-2 - -4)
1
2 + -4 - (2 + -4 + 5)
-5
(-3 - -1) + (26 - 22) + -7
-5
What is the value of 7 + (2 - 15) + 13?
7
What is the value of (4 - (-2 + 2)) + -4?
0
Calculate 0 - (18 - (-1 + 9)).
-10
What is the value of 3 + -7 + 7 - (-1 + -3)?
7
-9 - (4 + -19 + 8)
-2
What is the value of -5 - (3 + -3 + -4)?
-1
What is 2 + (-1 - 0 - -4 - 0)?
5
Evaluate (-2 - -4) + 1 - 3.
0
What is the value of 2 + 14 + (45 - 55)?
6
Calculate (4 - -1) + (10 + -25 - -5).
-5
Evaluate 1 + 0 + -2 + 11 + -9.
1
Calculate -7 + -3 + 3 - -5.
-2
Calculate -1 + -2 + -4 - 2.
-9
Calculate 0 + (-5 - -5) - (4 - 0).
-4
What is the value of (-2 - (3 - 4)) + 4 + -5?
-2
Evaluate -4 + (3 - -2) + -4.
-3
-4 - (-7 + (-1 - -2))
2
What is the value of 2 - 2 - -3 - (9 - 11)?
5
-2 - ((-4 - -5) + 3 + -1)
-5
What is the value of -5 - (5 - 22 - -7)?
5
What is (2 - (-4 - -9)) + -4?
-7
Calculate (-4 - 3) + 2 + 0 + 1.
-4
What is the value of -11 + 23 - (6 - 0)?
6
What is 13 - (3 + -4 + 9 - 1)?
6
7 - (-6 - (0 + -6 - 5))
2
What is (-2 - (-2 - (5 - 4))) + 2?
3
What is (-53 - -52) + (3 - (0 + 2))?
0
Evaluate 36 - 29 - (-2 - -1).
8
Calculate -2 + 0 - (-40 + 36).
2
What is 5 - (0 + -2) - (19 + -15)?
3
What is 0 + 3 + 5 + -8?
0
Evaluate 1 + -2 + 2 + 3.
4
What is the value of -4 - (-29 + 25 - (0 - -6))?
6
What is the value of (5 - (3 + 0)) + 0?
2
What is the value of 6 + (-1 - 10) - (-2 - -8)?
-11
What is (2 - 3) + 7 + -7?
-1
Evaluate -1 + 4 - (4 + (-2 - -2)).
-1
Evaluate -3 + (3 - (2 - 0)) + 4.
2
Calculate -1 - (2 - (-2 - (2 + -3))).
-4
(-3 + 14 - 11) + 1 + -4
-3
Evaluate -9 - (1 - (6 + -2)).
-6
Evaluate -3 + -1 + (17 - (7 - -1)).
5
What is the value of (11 - (6 - -2) - -3) + 4?
10
Calculate (-1 - 1) + 0 + 9 + -5.
2
5 - (7 + 6 + -11)
3
Evaluate (30 - 26) + (-2 - (2 - -1)).
-1
-2 + (-3 - (-1 - 8))
4
Calculate 4 + -8 + 3 - 3.
-4
Calculate -5 + 2 + (3 - 0).
0
What is the value of (47 - 59) + (1 - -17)?
6
Evaluate 0 - (-2 - -6) - 0.
-4
2 + 10 + -10 + 3
5
Evaluate 10 + -4 + -4 + -5 - -7.
4
What is (5 + 0 - 6) + 0?
-1
What is 5 + (-15 - (5 + -11)) - 0?
-4
What is -7 + 4 + 1 - -8 - 10?
-4
Evaluate -4 + -4 - -27 - 13.
6
What is 4 + 2 + (4 - (0 + 6))?
4
Calculate 0 - -9 - (-15 + 20).
4
Evaluate 5 - (15 + (-6 - (3 + -2))).
-3
Calculate 5 + -1 + -6 + 3.
1
What is 3 - 3 - (-8 + (2 - 0))?
6
7 - (8 - (12 + (-6 - 2)))
3
Calculate -1 + (0 - (3 + 2 - 3)).
-3
What is 6 + -5 + 1 + -2?
0
-3 - (6 - 4) - -2
-3
Calculate 0 + (-3 - -1 - 3).
-5
What is the value of 10 + -3 + (0 - 7 - -5)?
5
1 + 5 - (-2 - -3 - -4)
1
What is 3 + -4 - ((1 - 4) + -1)?
3
What is (0 + 1 - 6) + (-8 - -11)?
-2
What is the value of 0 + -6 - (-8 + 3 + 1)?
-2
(12 - 12) + 0 + 0
0
Evaluate -6 + -2 + (16 - 3).
5
Calculate (-7 - -8) + -1 + 2.
2
0 + (3 - -1) - (-16 - -17)
3
Calculate 2 + 7 + -9 + 7 + -4.
3
What is -6 + (13 - 6) - (-2 - -3)?
0
Calculate 0 + -16 + 6 - -13.
3
-13 - (5 + -3 + -9)
-6
(3 - (0 + 7)) + (-3 - -12)
5
Calculate (0 - 0) + 19 + -13 + -7.
-1
What is the value of 10 - (7 + 11 + -7)?
-1
Calculate -3 - -5 - (17 + -14).
-1
0 - -11 - (28 - 16)
-1
Evaluate (-35 - -26) + (1 - -5).
-3
What is -5 + (-1 - (3 - 3 - 1))?
-5
Calculate 8 + 1 + -2 + 6 + -9.
4
Calculate (-1 + -1 - -8) + -9.
-3
Evaluate (2 - 8) + 0 - -5.
-1
What is the value of -1 - (-13 - (0 - 7))?
5
What is -19 + 7 - (12 - 29)?
5
What is the value of (-8 - (-5 + 2)) + (8 - 3)?
0
What is the value of 6 + (3 - 3) + -2?
4
Evaluate (-6 + 6 - 4) + (5 - -3).
4
Evaluate (-6 - (-1 + 0 + 0)) + 4.
-1
Calculate 10 - (6 - 1) - (4 - 1).
2
What is the value of (1 - -1) + -3 + -2?
-3
-6 + 1 + -2 + -9 + 13
-3
What is the value of (-1 - -8) + (-15 - -11) + -3?
0
What is -3 + (-2 - (-3 + 7)) + 16?
7
Evaluate -5 + 4 + 0 + 1 + 1.
1
Evaluate 0 - -10 - ((-10 - -11) + 3).
6
9 + -11 + 0 + -1 - -6
3
What is the value of -10 + 14 + -8 + 11?
7
What is the value of 4 + -3 - (2 + 0 - 3)?
2
Evaluate 5 + -1 - 6 - (0 + 1).
-3
What is (-6 + -6 - -9) + -1?
-4
Calculate 32 - 34 - (-1 - -1).
-2
Evaluate -10 - (-7 + -8) - (3 - 1).
3
Evaluate -1 - ((4 - 1) + 0).
-4
What is (2 - (-3 + 11)) + 4?
-2
What is the value of 2 - (15 + -5 + -5 - -3)?
-6
-1 + 4 + (0 - -3)
6
What is -4 + -2 + 3 - 2 - -3?
-2
What is -3 - (2 + (2 - 3) + -4)?
0
Evaluate 10 + -15 + (10 - -2) + -11.
-4
Calculate -3 - (-17 + -2 - -15).
1
What is -3 + (3 - (-3 - 2))?
5
-2 + (0 - (2 - 2))
-2
Calculate 3 - (-3 - -8 - 9) - 2.
5
Calculate -3 + 4 + 3 + -1 + -5.
-2
Calculate (6 - 2) + -8 + 5.
1
What is 9 - (17 - 9 - -7)?
-6
(-14 - -9) + (9 - -1)
5
Evaluate 1 + 3 - (-1 + 1).
4
Evaluate 0 - (4 + -4) - 2.
-2
Calculate (-8 - -3 - 1 - -3) + 4.
1
(7 - 3 - 3) + -1 + 2
2
Evaluate -3 - (0 + (-7 - -2)).
2
2 + (2 - (-5 - (-6 + 0)))
3
What is the value of 0 + 5 + -1 + (-5 - 3)?
-4
What is -3 - (-2 + -2) - 2?
-1
Calculate -1 + 14 + (-31 + 17 - -9).
8
(-3 - -1) + (-6 - -4) + 1
-3
Evaluate -6 + 9 - (-2 + 0).
5
What is the value of (5 - -1) + -15 + 5?
-4
(-6 - (-5 - -3)) + -3 + 5
-2
What is the value of (0 - -2) + (-2 - -1)?
1
What is 9 - (3 - 15 - -12)?
9
What is 3 - (5 - (-3 - -9) - 2)?
6
What is the value of (4 - (-5 - -7 - 1)) + -3?
0
Calculate -18 + 16 - (-1 - 0) - 0.
-1
What is the value of (5 - (0 - -10)) + 0?
-5
What is -57 + 55 - (9 + -1)?
-10
Evaluate 6 + (6 - (7 + 0 - 3)).
8
What is the value of (17 - 12) + -3 + 3?
5
What is the value of -2 + 2 + (1 - -2) + -1?
2
Calculate -13 + 9 - (6 - (4 - -1)).
-5
Evaluate 161 + -155 - (6 +